 is divided by b?
9
Let b(f) = -f**3 - 8*f**2 - f + 15. Suppose 0*j + 12 = j. Calculate the remainder when b(-8) is divided by j.
11
Suppose 5*o + y = 2*y + 45, 0 = -4*y + 20. What is the remainder when 34 is divided by o?
4
Let h(s) = -s - 1. Let m be h(0). Let r(d) = -d - 6. Let w be r(-5). What is the remainder when 5 is divided by (m/w)/((-2)/(-6))?
2
Suppose 0*d + d - 6 = 0. Let q = d - 0. What is the remainder when 9 is divided by q?
3
Let i = -7 - 0. What is the remainder when 50 is divided by (-93)/i + 4/(-14)?
11
Suppose 6*x - 39 - 21 = 0. Suppose 57 = 2*g - 1. Calculate the remainder when g is divided by x.
9
Calculate the remainder when 6 - (3 + 0) - (-46)/1 is divided by 13.
10
Let o = 27 + -17. Calculate the remainder when 6/(-21) - (-783)/21 is divided by o.
7
Let p = 10 - 7. What is the remainder when 10 is divided by p?
1
Let u be 2/1 - 0/1. Let n be (-9)/(-6) - u/4. What is the remainder when 23 is divided by (0 - n) + 0 + 13?
11
Suppose 36 + 6 = 3*z. What is the remainder when 52 is divided by z?
10
Suppose -117 = -5*j + w, -2*j = 3*w - 22 - 18. Calculate the remainder when j is divided by 11.
1
Suppose 0 = 3*q + 2*q - 30. Calculate the remainder when 35 is divided by q.
5
Let r(o) = o**2 - 6*o + 9. Let p be r(10). What is the remainder when 2/(2 + -3) + p is divided by 12?
11
Suppose 3 = 2*c + 19. Let z(a) = a**2 + 7*a + 10. What is the remainder when 70 is divided by z(c)?
16
Calculate the remainder when -1 + 3 + -5 - -97 is divided by 10.
4
Suppose 0 = -9*s + 167 - 41. Calculate the remainder when 81 is divided by s.
11
Let p = 29 + -13. Suppose -w - p = -5*w. Suppose f = -4*j + 30, -4*f = 5*j - 14 - 29. Calculate the remainder when j is divided by w.
3
Suppose -6*v + 2*v = -20. What is the remainder when 6 is divided by v?
1
Suppose 181 = 4*s + 17. Let m = 75 - 48. Let y = -16 + m. What is the remainder when s is divided by y?
8
Let z = 40 - 23. Let g = 59 + -41. Suppose 0 = 2*k - 84 + g. Calculate the remainder when k is divided by z.
16
Suppose -5*b - 2*t - 13 = 24, 3*t + 17 = -2*b. Let c = -7 - b. Suppose -p + 7 = -c. Calculate the remainder when 20 is divided by p.
6
Suppose -k + 72 = k + 4*r, 5*r = k - 64. Suppose 0 = 2*u + 4*u - 138. Calculate the remainder when k is divided by u.
21
Let o(d) = 3*d**2 - 13*d - 3. Let n(z) = 4*z**2 - 14*z - 4. Let v(r) = -2*n(r) + 3*o(r). What is the remainder when 41 is divided by v(12)?
8
Let k = 11 - 7. Suppose 5*y - 3 = k*y. Suppose 0 = l - y. What is the remainder when 9 is divided by l?
0
Let n = -24 - -9. Let i be (-286)/(-5) + 3/n. Suppose 0 = -2*r + 5*r - i. Calculate the remainder when 73 is divided by r.
16
Suppose -2*t - 5 = -7*t + o, 0 = t - 3*o + 13. Suppose -t*r + 0*r = -28. Let b = 57 - 16. Calculate the remainder when b is divided by r.
13
Let t(i) = i**2 + 7*i - 2. Suppose -11 - 9 = 2*l. What is the remainder when t(l) is divided by 15?
13
Suppose 2 = f - 1. Suppose 0 = -n + 5*o + f, n + 2*o + 1 = 11. What is the remainder when 13 is divided by n?
5
Calculate the remainder when 2 - 1 - (-14 + -5 + -1) is divided by 11.
10
Suppose i - 5*i + 2*p = -38, -2*i - 4*p = 6. Calculate the remainder when 13 is divided by i.
6
Suppose 100 = u + 4*u. What is the remainder when u is divided by 11?
9
Let o be (-102)/(-30) + 4/(-10). Suppose 2*a + 5*q - 40 = 0, -q + 4*q = -o*a + 42. Calculate the remainder when ((-19)/4)/((-2)/8) is divided by a.
9
Suppose 3*l - t = -6*t + 82, -l + 22 = 3*t. Calculate the remainder when l is divided by 5.
4
Suppose -2 = -m + 3. Let o = 30 + -9. Calculate the remainder when o is divided by m.
1
Suppose -2*k + 4*t = -t - 111, k - 4*t = 54. Suppose -2*v - 60 = -6*v. What is the remainder when k is divided by v?
13
Let a(i) = -i**3 - 5*i**2 - 4*i + 1. Let g be a(-4). Let l(v) = 42*v**3 - v**2 + v - 1. Calculate the remainder when l(g) is divided by 14.
13
Let i(u) = u + 14. Calculate the remainder when i(10) is divided by 9.
6
Let y be (-3 - 0) + 5 + -1. Let k be (-54*3/(-2))/y. Suppose 3*p - k = -6. What is the remainder when p is divided by 13?
12
Let o be (-21 + (1 - 0))/(-1). Let d = o - 9. What is the remainder when 21 is divided by d?
10
Suppose 5*o - 183 = 3*i - 5*i, -2*o + 70 = 4*i. What is the remainder when 110 is divided by o?
36
Let n = -51 + 111. Suppose j + 4 = -1, -5*p - 3*j + n = 0. What is the remainder when 43 is divided by p?
13
Suppose 0*g - g = -3*j - 34, 0 = 3*j + 15. What is the remainder when 55 is divided by g?
17
What is the remainder when 55 is divided by (12/(-15))/((-2)/35)?
13
Let d be -1*(-1 - (1 - -2)). Suppose 2*i - d*i + 38 = 0. Calculate the remainder when 37 is divided by i.
18
Suppose 4*l = f - 21, l + 2*l + 25 = f. Calculate the remainder when f is divided by 8.
5
Let s = -37 - -65. Suppose -4*j + 48 + s = 0. Calculate the remainder when (-42)/3*(-5 + 1) is divided by j.
18
Let s = 3 - 1. Let o = 4 - s. Calculate the remainder when o is divided by 1.
0
Let c = 20 + -5. Let n(i) = 0 - 2 - c*i + 0. What is the remainder when n(-2) is divided by 10?
8
Suppose i + 1 - 19 = 0. Let w(z) = 2*z**2 - 5*z - 7. Calculate the remainder when w(-5) is divided by i.
14
Let m(j) = -j**2 + 6*j + 21. Let o(k) = 7*k. What is the remainder when o(1) is divided by m(-2)?
2
Let j(q) = -10*q. Let h = 20 - 20. Suppose 2*d + 18 = 2*g, h*g - 5*d - 17 = -3*g. What is the remainder when j(-4) is divided by g?
12
Let i(w) = -2*w + 7. What is the remainder when i(-5) is divided by 9?
8
Let l be ((-6)/5)/((-2)/5). Let f = 3 + l. Calculate the remainder when 21 is divided by f.
3
Let a(b) = -3*b**3 + 11*b**2 - 5*b + 93. Let p(i) = -i**3 + 4*i**2 - 2*i + 31. Let v(k) = 3*a(k) - 8*p(k). Calculate the remainder when v(0) is divided by 16.
15
Let y = -9 + 57. What is the remainder when y is divided by 17?
14
Suppose -4*x - 21 = -3*y, -5*y - 2*x + 9 = -0*x. Suppose y*f + 3*q - 5*q - 37 = 0, 0 = 3*f + 5*q - 44. What is the remainder when f is divided by 8?
5
Suppose 0 = -5*v + 5 + 20. Suppose -v*h + 2*h = -39. Let r = 9 + 15. What is the remainder when r is divided by h?
11
Let f(j) be the second derivative of -j + 0 + 3/20*j**5 - 1/3*j**3 - 1/12*j**4 + 3/2*j**2. Calculate the remainder when 55 is divided by f(2).
17
Let q(j) = j**2 + 6*j - 3. Let d be q(-7). Suppose -d*i = i + 4*n - 95, -2*i - 5*n = -55. What is the remainder when 28 is divided by i?
13
Let o be 2/(2 + (0 - 1)). Suppose 2*k - 114 = -4*k. What is the remainder when k is divided by ((-14)/(-4))/(1/o)?
5
Let p = -11 - -15. Calculate the remainder when 7 is divided by p.
3
Suppose 4*n - n = 78. Let c(j) = j**2 - j - 6. What is the remainder when n is divided by c(5)?
12
Suppose 67 - 31 = 3*w. Calculate the remainder when 45 is divided by w.
9
Let h = -16 - -40. Let p = h - -44. Let s = p + -47. Calculate the remainder when s is divided by 12.
9
Let x be 388/12 - (-2)/(-6). Let m be ((-6)/(-4))/((-3)/20). Let g = x + m. Calculate the remainder when g is divided by 12.
10
Suppose -18*c + 6*c = -288. What is the remainder when 47 is divided by c?
23
Let f = -6 - -15. Suppose 4*k - 2*k + 68 = 0. What is the remainder when -4 + 3 + 1 - k is divided by f?
7
Suppose -30 = 3*y + 2*y. Suppose 0 = 5*m + 3*r - 65, 3*m + r + 8 - 47 = 0. Let d = m + y. Calculate the remainder when d is divided by 3.
1
Let d = 0 - -39. What is the remainder when d is divided by 10?
9
Suppose 5*l - 9 - 16 = 0. Let j(x) = x**3 - 5*x**2 + 5*x + 6. Suppose -t = -3*t + 32. What is the remainder when j(l) is divided by t?
15
Let i(x) = x**2 - 9*x + 12. Suppose -y - 3*y = 0. Let d be 2 + 8 + y/(-3). Calculate the remainder when 64 is divided by i(d).
20
Suppose 0*h + d - 13 = -4*h, -1 = -d. Let x = 1 + h. What is the remainder when 6 is divided by x?
2
What is the remainder when 21 is divided by (-2 + -2)/(4/(-8))?
5
Suppose 5*k + 171 + 39 = 0. Calculate the remainder when 26 is divided by ((-4)/(-3))/((-4)/k).
12
Suppose 3*h + 2*h + 10 = 0. Calculate the remainder when ((-52)/6)/(h/6) is divided by 9.
8
Suppose 2*u - 1 - 3 = 0. Suppose -p + 31 + 24 = -u*l, 64 = p + l. Calculate the remainder when p is divided by 16.
13
Suppose -r + 4*a - 2 = 0, 2*a + 2 = 5*r - 6. What is the remainder when 3015/81 - r/9 is divided by 13?
11
Suppose -4*d + 6*d = 30. Let o be 6/(-15)*d/3. What is the remainder when 19 is divided by 4*1/o